{"id":1219,"date":"2022-06-01T09:39:09","date_gmt":"2022-06-01T09:39:09","guid":{"rendered":"http:\/\/gops.krokowa.pl\/?page_id=1219"},"modified":"2026-01-26T07:47:09","modified_gmt":"2026-01-26T07:47:09","slug":"asystent-rodziny","status":"publish","type":"page","link":"https:\/\/gops.krokowa.pl\/asystent-rodziny\/","title":{"rendered":"Asystent Rodziny"},"content":{"rendered":"\n<p>Zapraszamy osoby ch\u0119tne do udzia\u0142u w cyklu spotka\u0144 pt&#8221; Nasze wyj\u0105tkowe rodzicielstwo&#8221;. Spotkania te nie ucz\u0105 nowych metod wychowawczych a raczej:<\/p>\n\n\n\n<ul class=\"wp-block-list\">\n<li>u\u015bwiadomienia rodzicom i wychowawcom, \u017ce skuteczno\u015b\u0107 wychowywania w znacznym stopniu zale\u017cy od osoby wychowuj\u0105cej, oznacza to, \u017ce aby zmieni\u0107 dziecko nale\u017cy zmieni\u0107 siebie,<\/li>\n\n\n\n<li>ukazuje prawd\u0119, \u017ce skuteczne wychowanie nie mo\u017ce mie\u0107 miejsca je\u015bli wychowuj\u0105cy nie opiera si\u0119 na jasnym systemie warto\u015bci,<\/li>\n\n\n\n<li>pozwala na&nbsp; pog\u0142\u0119bienie samo\u015bwiadomo\u015bci i refleksji&nbsp; na temat skuteczno\u015bci okre\u015blonych&nbsp; metod wychowawczych.&nbsp; &nbsp;<\/li>\n<\/ul>\n\n\n\n<p>&nbsp;W ramach tych spotka\u0144&nbsp; zajmiemy si\u0119 m.in. rozwi\u0105zywaniem problem\u00f3w metod\u0105 bez pora\u017cek, uczeniem zach\u0119canie dzieci do samodzielno\u015bci oraz do wsp\u00f3\u0142pracy, pokazujemy jak stosowa\u0107 pochwa\u0142\u0119 i zach\u0119t\u0119 oraz w jaki spos\u00f3b stawia\u0107 granice.<\/p>\n\n\n\n<p>TEMATYKA&nbsp; SPOTKA\u0143<\/p>\n\n\n\n<p>1. Poznanie si\u0119, kontakt integracja..<br>2. Granice.<br>3. Uczucia cz\u0119\u015b\u0107 I<br>4. Uczucia cz\u0119\u015b\u0107 II.<br>5. Zach\u0119canie dziecka do wsp\u00f3\u0142pracy.<br>6. Kary.<br>7.Rozwi\u0105zywanie problem\u00f3w i konflikt\u00f3w.<br>8. Zach\u0119canie do samodzielno\u015bci.<br>9. Wpisywanie dziecka w role i uwalnianie od grania r\u00f3l.<br>10. Pomocna pochwa\u0142a i zach\u0119ta.<\/p>\n\n\n\n<p>&nbsp;Wszystkich zainteresowanych udzia\u0142em w powy\u017cszym programem \u201eNasze wyj\u0105tkowe rodzicielstwo\u201d zach\u0119camy do kontaktu z naszymi realizatorami.<\/p>\n\n\n\n<p>Anita Kohnke &#8211; tel. 721-935-562<br>El\u017cbieta Kos &#8211; tel. 721-935-561<\/p>\n\n\n\n<hr class=\"wp-block-separator has-alpha-channel-opacity\"\/>\n\n\n\n<p><strong>Asystent rodziny<\/strong><\/p>\n\n\n\n<p><strong>KIM JEST ASYSTENT RODZINY, Z KIM I JAK WSP\u00d3\u0141PRACUJE?<\/strong><\/p>\n\n\n\n<ul class=\"wp-block-list\">\n<li>Asystent rodziny to osoba, kt\u00f3ra towarzyszy rodzinie, szczeg\u00f3lnie rodzinie z dzie\u0107mi w poszukiwaniu rozwi\u0105za\u0144 w trudnej sytuacji \u017cyciowej. Asystent pracuje r\u00f3wnie\u017c z rodzinami dzieci z niepe\u0142nosprawno\u015bciami i kobietami w ci\u0105\u017cy w ramach ustawy \u201eZa \u017cyciem\u201d.<\/li>\n\n\n\n<li>Pomaga i wspiera w pokonywaniu trudno\u015bci tak, aby rodzina w przysz\u0142o\u015bci potrafi\u0142a samodzielnie poradzi\u0107 sobie z r\u00f3\u017cnymi problemami.<\/li>\n\n\n\n<li>Asystent jest doradc\u0105 rodziny, odnajduje mocne strony, pomaga wykorzysta\u0107 posiadane zasoby rodziny, kt\u00f3re pozwol\u0105 na pokonanie trudno\u015bci.<\/li>\n\n\n\n<li>Motywuje do podejmowania dzia\u0142a\u0144 oraz wspiera w realizacji wyznaczonych, realnych cel\u00f3w.<\/li>\n\n\n\n<li>Asystent zwi\u0119ksza poczucie wp\u0142ywu na w\u0142asne \u017cycie oraz podnosi samoocen\u0119 wszystkich cz\u0142onk\u00f3w rodziny. Nie wyr\u0119cza rodziny, ale wskazuje, motywuje oraz naprowadza.<\/li>\n\n\n\n<li>Asystent rodziny koncentruje si\u0119 na wspieraniu rodziny, towarzyszeniu w rozwoju jego cz\u0142onkom oraz pedagogizacji rodzic\u00f3w, czyli dostarczaniu im wiedzy zwi\u0105zanej z wychowaniem dzieci (pracuje zw\u0142aszcza nad popraw\u0105 umiej\u0119tno\u015bci opieku\u0144czo-wychowawczych).<\/li>\n<\/ul>\n\n\n\n<p><strong>GDZIE ODBYWA SI\u0118 WSP\u00d3\u0141PRACA I JAK WYGL\u0104DA?<\/strong><\/p>\n\n\n\n<ul class=\"wp-block-list\">\n<li>Asystent pracuje z rodzin\u0105 w miejscu jej zamieszkania lub innym miejscu uzgodnionym z rodzin\u0105 (urz\u0119dy, organizacje, szko\u0142y, s\u0105dy i inne).<\/li>\n\n\n\n<li>Pocz\u0105tkowo spotyka si\u0119 z rodzin\u0105 cz\u0119sto, nast\u0119pnie coraz rzadziej. Jedna wizyta mo\u017ce trwa\u0107 nawet 2 godziny.<\/li>\n\n\n\n<li>Asystent rodziny prowadzi dokumentacj\u0119, planuje z rodzin\u0105, co i jak zrobi\u0107 oraz pisze sprawozdania z wykonanych dzia\u0142a\u0144.<\/li>\n\n\n\n<li>Wsp\u00f3\u0142pracuje z innymi pracownikami r\u00f3\u017cnych instytucji pracuj\u0105cymi z rodzin\u0105 dla dobra ca\u0142ej rodziny.<\/li>\n<\/ul>\n\n\n\n<p><strong>JAKIE S\u0104 ZADANIA I ROLA ASYSTENTA RODZINY?<\/strong><\/p>\n\n\n\n<ul class=\"wp-block-list\">\n<li>Zadaniem asystenta rodziny jest wspieranie rodziny, kt\u00f3ra nie potrafi samodzielnie pokonywa\u0107 trudno\u015bci \u017cyciowych, zw\u0142aszcza problem\u00f3w opieku\u0144czo \u2013 wychowawczych. Jego dzia\u0142ania zmierzaj\u0105 do jej usamodzielnienia i pozostawienia dziecka w rodzinie lub powrotu dziecka umieszczonego w pieczy zast\u0119pczej do rodzic\u00f3w.<\/li>\n\n\n\n<li>Rol\u0119 i zadania asystenta rodziny reguluje ustawa z dnia 4 listopada 2016r. o wsparciu kobiet w ci\u0105\u017cy i rodzin \u201eZa \u017cyciem\u201d oraz ustawa z dnia 9 czerwca 2011r. o wspieraniu rodziny i systemie pieczy zast\u0119pczej.<br><br><strong>Zadania asystenta rodziny okre\u015bla art. 15.1 ustawy z dnia 9 czerwca 2011r. o wspieraniu rodziny i systemie pieczy zast\u0119pczej:<\/strong><\/li>\n<\/ul>\n\n\n\n<p>1) opracowanie i realizacja planu pracy z rodzin\u0105 we wsp\u00f3\u0142pracy z cz\u0142onkami rodziny i w konsultacji z pracownikiem socjalnym,<br>2) opracowanie, we wsp\u00f3\u0142pracy z cz\u0142onkami rodziny i koordynatorem rodzinnej pieczy zast\u0119pczej, planu pracy z rodzin\u0105, kt\u00f3ry jest skoordynowany z planem pomocy dziecku umieszczonemu w pieczy zast\u0119pczej;<br>3) udzielanie pomocy rodzinom w poprawie ich sytuacji \u017cyciowej, w tym w zdobywaniu umiej\u0119tno\u015bci prawid\u0142owego prowadzenia gospodarstwa domowego;<br>4) udzielanie pomocy rodzinom w rozwi\u0105zywaniu problem\u00f3w socjalnych;<br>5) udzielanie pomocy rodzinom w rozwi\u0105zywaniu problem\u00f3w psychologicznych;<br>6) udzielanie pomocy rodzinom w rozwi\u0105zywaniu problem\u00f3w wychowawczych z dzie\u0107mi;<br>7) wspieranie aktywno\u015bci spo\u0142ecznej rodzin;<br>8) motywowanie cz\u0142onk\u00f3w rodzin do podnoszenia kwalifikacji zawodowych;<br>9) udzielanie pomocy w poszukiwaniu, podejmowaniu i utrzymywaniu pracy zarobkowej;<br>10) motywowanie do udzia\u0142u w zaj\u0119ciach grupowych dla rodzic\u00f3w, maj\u0105cych na celu kszta\u0142towanie prawid\u0142owych wzorc\u00f3w rodzicielskich i umiej\u0119tno\u015bci psychospo\u0142ecznych;<br>11) udzielanie wsparcia dzieciom, w szczeg\u00f3lno\u015bci poprzez udzia\u0142 w zaj\u0119ciach psychoedukacyjnych;<br>11a) udzielanie wsparcia dziecku przez towarzyszenie mu podczas posiedzenia albo rozprawy z jego udzia\u0142em, o kt\u00f3rych mowa w <a href=\"https:\/\/sip.lex.pl\/#\/document\/16798685?unitId=art(76(a))par(1)\">art. 76a \u00a7 1<\/a> <em>ustawy<\/em> z dnia 6 czerwca 1997 r. &#8211; Kodeks post\u0119powania karnego;<br>12) podejmowanie dzia\u0142a\u0144 interwencyjnych i zaradczych w sytuacji zagro\u017cenia bezpiecze\u0144stwa dzieci i rodzin,<br>13) prowadzenie indywidualnych konsultacji wychowawczych dla rodzic\u00f3w i dzieci;<br>13a) realizacja zada\u0144 okre\u015blonych <em>w <a href=\"https:\/\/sip.lex.pl\/#\/document\/18467918\"><em>ustawie<\/em><\/a> z dnia<\/em> 4 listopada 2016 r. o wsparciu kobiet w ci\u0105\u017cy i rodzin &#8222;Za \u017cyciem&#8221; ;<br>14) prowadzenie dokumentacji dotycz\u0105cej pracy z rodzin\u0105;<br>15) dokonywanie okresowej oceny sytuacji rodziny, nie rzadziej ni\u017c co p\u00f3\u0142 roku, i przekazywanie tej oceny podmiotowi, o kt\u00f3rym mowa w art. 17 ust. 1;<br>16) monitorowanie funkcjonowania rodziny po zako\u0144czeniu pracy z rodzin\u0105;<br>17) sporz\u0105dzanie, na wniosek s\u0105du, opinii o rodzinie i jej cz\u0142onkach;<br>18) wsp\u00f3\u0142praca z jednostkami administracji rz\u0105dowej i samorz\u0105dowej, w\u0142a\u015bciwymi organizacjami pozarz\u0105dowymi oraz innymi podmiotami i osobami specjalizuj\u0105cymi si\u0119 w dzia\u0142aniach na rzecz dziecka i rodziny;<br>19) wsp\u00f3\u0142praca z zespo\u0142em interdyscyplinarnym lub grup\u0105 diagnostyczno-pomocow\u0105, o kt\u00f3rych mowa w <a href=\"https:\/\/sip.lex.pl\/#\/document\/17219697?unitId=art(9(a))\">art. 9a<\/a> <em>ustawy<\/em> z dnia 29 lipca 2005 r. o przeciwdzia\u0142aniu przemocy domowej, lub innymi podmiotami, kt\u00f3rych pomoc przy wykonywaniu zada\u0144 uzna za niezb\u0119dn\u0105.<\/p>\n\n\n\n<p><strong>Rola asystenta rodziny zgodna z Ustaw\u0105 o wsparciu kobiet w ci\u0105\u017cy i rodzin \u201dZa \u017cyciem\u201d<\/strong><\/p>\n\n\n\n<p>Zgodnie z ustaw\u0105 z dnia 4 listopada 2016 r. o wsparciu kobiet w ci\u0105\u017cy i rodzin \u201eZa \u017byciem\u201d:<\/p>\n\n\n\n<ul class=\"wp-block-list\">\n<li>Kobiety w ci\u0105\u017cy i ich rodziny,<\/li>\n\n\n\n<li>Rodzina, w kt\u00f3rych przyjdzie albo przysz\u0142o na \u015bwiat ci\u0119\u017cko chore dziecko,<\/li>\n\n\n\n<li>Kobiety, kt\u00f3re otrzyma\u0142y informacj\u0119 o tym, \u017ce ich dziecko mo\u017ce umrze\u0107 w trakcie ci\u0105\u017cy lub porodu,<\/li>\n\n\n\n<li>Kobiety, kt\u00f3rych dziecko umar\u0142o bezpo\u015brednio po porodzie na skutek wad wrodzonych maj\u0105 prawo do skorzystania z pomocy i wsparcia asystenta rodziny.<\/li>\n<\/ul>\n\n\n\n<p><strong>Asystent rodziny koordynuje poradnictwo na wniosek ww. os\u00f3b. Do zada\u0144 asystenta rodziny w szczeg\u00f3lno\u015bci nale\u017cy:<\/strong><\/p>\n\n\n\n<ul class=\"wp-block-list\">\n<li>Wsparcie i towarzyszenie emocjonalne;<\/li>\n\n\n\n<li>Zapoznanie kobiety i\/lub rodziny z Informatorem dotycz\u0105cym mo\u017cliwo\u015bci wsparcia;<\/li>\n\n\n\n<li>opracowanie wsp\u00f3lnie z kobiet\u0105 i\/lub rodzin\u0105 indywidualnego katalogu mo\u017cliwego wsparcia;<\/li>\n\n\n\n<li>Poradnictwo w zakresie zapewnienia odpowiednich \u015bwiadcze\u0144 opieki zdrowotnej dla kobiety w okresie ci\u0105\u017cy, porodu i po\u0142ogu, ze szczeg\u00f3lnym uwzgl\u0119dnieniem kobiet w ci\u0105\u017cy powik\u0142anej oraz w sytuacji niepowodze\u0144 po\u0142o\u017cniczych,<\/li>\n\n\n\n<li>Poradnictwo w zakresie zapewnienia odpowiednich \u015bwiadcze\u0144 opieki zdrowotnej dla dziecka ze szczeg\u00f3lnym uwzgl\u0119dnieniem dziecka, kt\u00f3rego zdiagnozowano ci\u0119\u017ckie i nieodwracalne upo\u015bledzenie albo nieuleczaln\u0105 chorob\u0119 zagra\u017caj\u0105c\u0105 jego \u017cyciu, kt\u00f3re powsta\u0142y w prenatalnym okresie rozwoju dziecka lub w czasie porodu<\/li>\n\n\n\n<li>Wyst\u0119powanie przez asystenta rodziny w imieniu os\u00f3b, na ich \u017c\u0105danie do podmiot\u00f3w w celu umo\u017cliwienia im skorzystania ze wsparcia, na podstawie pisemnego upowa\u017cnienia.<br>\u00a0<\/li>\n<\/ul>\n\n\n\n<p><strong>CO JEST G\u0141\u00d3WNYM CELEM PRACY ASYSTENTA RODZINY?<\/strong><\/p>\n\n\n\n<p>Celem pracy asystenta rodziny jest osi\u0105gni\u0119cie przez rodzin\u0119 stabilno\u015bci \u017cyciowej i odpowiedzialno\u015bci za w\u0142asne \u017cycie, kt\u00f3ry pozwoli jej na samodzielne funkcjonowanie, wychowywanie dzieci i rozwi\u0105zywanie wyst\u0119puj\u0105cych problem\u00f3w.<\/p>\n\n\n\n<p><strong>JAKIE S\u0104 UPRAWNIENIA ASYSTENTA RODZINY?<\/strong><\/p>\n\n\n\n<p>Asystent rodziny w zwi\u0105zku z wykonywaniem swoich zada\u0144 ma prawo do (art.16.):<\/p>\n\n\n\n<ul class=\"wp-block-list\">\n<li>Wgl\u0105du do dokument\u00f3w zawieraj\u0105cych dane osobowe cz\u0142onk\u00f3w rodziny, niezb\u0119dne do prowadzenia pracy z rodzin\u0105, w tym:<br>&#8211; imi\u0119 i nazwisko,<br>&#8211; dat\u0119 urodzenia,<br>&#8211; obywatelstwo,<br>&#8211; adres miejsca zamieszkania,<br>&#8211; stan cywilny,<br>&#8211; wykszta\u0142cenie,<br>&#8211; zaw\u00f3d,<br>&#8211; miejsce pracy,<br>&#8211; \u017ar\u00f3d\u0142a dochodu,<br>&#8211; dane dotycz\u0105ce warunk\u00f3w mieszkaniowych,<br>&#8211; dane dotycz\u0105ce sytuacji prawnej oraz aktualnego miejsca pobytu dziecka,<br>&#8211; dane o rozwoju psychofizycznym dziecka;<\/li>\n\n\n\n<li>Wyst\u0119powania do w\u0142a\u015bciwych organ\u00f3w w\u0142adzy.<\/li>\n\n\n\n<li>Przedstawiania w\u0142a\u015bciwym organom w\u0142adzy publicznej, organizacjom oraz instytucjom ocen i wniosk\u00f3w zmierzaj\u0105cych do zapewnienia skutecznej ochrony praw rodzin.<\/li>\n<\/ul>\n\n\n\n<p><strong>JAK SI\u0118 ODBYWA PRZYDZIELENIE ASYSTENTA DO RODZINY?<\/strong><\/p>\n\n\n\n<ul class=\"wp-block-list\">\n<li>W przypadku, gdy o\u015brodek pomocy spo\u0142ecznej powe\u017amie informacj\u0119 o rodzinie prze\u017cywaj\u0105cej trudno\u015bci w wype\u0142nianiu funkcji opieku\u0144czo-wychowawczych, pracownik socjalny przeprowadza w tej rodzinie wywiad \u015brodowiskowy, na zasadach okre\u015blonych w ustawie z dnia 12 marca 2004 r. o pomocy spo\u0142ecznej. Po przeprowadzeniu wywiadu \u015brodowiskowego, pracownik socjalny dokonuje analizy sytuacji rodziny. Je\u017celi z analizy, wynika konieczno\u015b\u0107 przydzielenia rodzinie asystenta rodziny, pracownik socjalny wyst\u0119puje do kierownika o\u015brodka pomocy spo\u0142ecznej z wnioskiem o jego przydzielenie. Po otrzymaniu wniosku, kierownik o\u015brodka pomocy spo\u0142ecznej przydziela rodzinie asystenta rodziny.<\/li>\n\n\n\n<li>Asystent rodziny przydzielany jest na wniosek pracownika socjalnego, ale zapotrzebowanie na asystenta rodziny mo\u017ce wskaza\u0107 r\u00f3wnie\u017c s\u0105d oraz inne instytucje np. szko\u0142a. O asystenta mo\u017ce te\u017c wnioskowa\u0107 sama rodzina, gdy czuje, \u017ce potrzebuje takiego wsparcia.<\/li>\n\n\n\n<li>W przypadku zaistnienia okoliczno\u015bci wskazanych w ustawie \u201eZa \u017cyciem\u201d nie jest stosowana procedura przeprowadzenia przez pracownika socjalnego rodzinnego wywiadu \u015brodowiskowego.<\/li>\n<\/ul>\n\n\n\n<p><strong>JAK D\u0141UGO ASYSTENT WSP\u00d3\u0141PRACUJE Z RODZIN\u0104?<\/strong><\/p>\n\n\n\n<p>Do odwo\u0142ania, co oznacza, \u017ce czas ten ustalany jest indywidualnie, zale\u017cnie od potrzeb i mo\u017cliwo\u015bci rodziny. Zwykle jest to wsp\u00f3\u0142praca d\u0142ugofalowa.<\/p>\n\n\n\n<hr class=\"wp-block-separator has-alpha-channel-opacity\"\/>\n\n\n\n<p>Gminny O\u015brodek Pomocy Spo\u0142ecznej w Krokowej&nbsp; ponownie b\u0119dzie kontynuowa\u0142 spotkania z cyklu &#8221;&nbsp; Nasze wyj\u0105tkowe rodzicielstwo&#8221; .<\/p>\n\n\n\n<p>W ramach tych spotka\u0144 zapraszamy rodzic\u00f3w, kt\u00f3rzy chc\u0105 budowa\u0107 w\u0142a\u015bciwe relacje ze swoimi&nbsp; dzie\u0107mi.<\/p>\n\n\n\n<p>G\u0142\u00f3wnym celem jest poszerzenie&nbsp; umiej\u0119tno\u015bci rodzic\u00f3w i wiedzy na temat skutecznych metod wychowawczych, przyczyniaj\u0105cych si\u0119 do polepszenia relacji rodzic- dziecko. Spotkania maj\u0105 charakter psychoedukacyjny i prowadzone s\u0105 w grupie.<\/p>\n\n\n\n<p>Zapraszamy osoby, kt\u00f3re chc\u0105 zg\u0142\u0119bi\u0107 wiedz\u0119 na temat&nbsp; metod wychowawczych.<\/p>\n\n\n\n<p>Niezb\u0119dnych informacji udzielaj\u0105 pracownicy Gminnego O\u015brodka Pomocy Spo\u0142ecznej w Krokowej.<\/p>\n\n\n\n<ul class=\"wp-block-list\">\n<li>Anita Kohnke&nbsp; tel. 721- 935-562<\/li>\n\n\n\n<li>El\u017cbieta Kos tel. 721-935- 561<\/li>\n<\/ul>\n\n\n\n<hr class=\"wp-block-separator has-alpha-channel-opacity\"\/>\n\n\n\n<p><strong><em>Zapraszamy na bezp\u0142atny cykl spotka\u0144 pt. \u201eNasze wyj\u0105tkowe rodzicielstwo\u201d,<\/em><\/strong> organizowany przez GOPS w Krokowej.<\/p>\n\n\n\n<p>Cykl spotka\u0144 pt. \u201eNasze wyj\u0105tkowe rodzicielstwo\u201d, ma na celu udzielenie wsparcia oraz wskaz\u00f3wek dotycz\u0105cych przezwyci\u0119\u017cania trudno\u015bci opieku\u0144czo \u2013 wychowawczych i b\u0119dzie mia\u0142 charakter <strong><em>grupy samopomocowej, tj. grupy wsparcia<\/em><\/strong>. Nadrz\u0119dn\u0105 ide\u0105 spotka\u0144 ma by\u0107 udzielenie wsparcia, poprzez dzielenie si\u0119 w\u0142asnymi do\u015bwiadczeniami zwi\u0105zanymi z okre\u015blonym problemem, s\u0142uchaniem i akceptacj\u0105 oraz nawi\u0105zaniem kontakt\u00f3w spo\u0142ecznych z osobami o podobnych trudno\u015bciach. Zgodnie z za\u0142o\u017ceniem realizacji zada\u0144, cz\u0142onkowie grupy udziel\u0105 sobie wzajemnie wsparcia emocjonalnego, podziel\u0105 si\u0119 swoimi do\u015bwiadczeniami, opowiedz\u0105 o swoich prze\u017cyciach. Wys\u0142uchanie innych ma im da\u0107 poczucie, \u017ce nie s\u0105 osamotnieni w swoich problemach.<\/p>\n\n\n\n<p>Grupa wsparcia b\u0119dzie prowadzona przez certyfikowanego pedagoga z wieloletnim do\u015bwiadczeniem <strong>Pani\u0105 mgr Dominik\u0119 Lewi\u0144sk\u0105.<\/strong><\/p>\n\n\n\n<p><strong>Spotkania odbywa\u0107 si\u0119 b\u0119d\u0105 raz w miesi\u0105cu najbli\u017csze spotkanie 15.05.2023r. w godz. od 16.00 do 18.00, dalsze terminy ustala z grup\u0105 prowadz\u0105ca.<\/strong><\/p>\n\n\n\n<p><strong>Zapraszamy&nbsp; wszystkie ch\u0119tne osoby do kontaktu:<\/strong><\/p>\n\n\n\n<p><strong>Gminny O\u015brodek Pomocy Spo\u0142ecznej w Krokowej<\/strong><br><strong>ul. Wejherowska 3<\/strong><br><strong>84-110 Krokowa<\/strong><br><strong>Tel- 58 506 54 30<\/strong><br><strong>Tel- 721 935 562<\/strong><\/p>\n\n\n\n<p><strong>GRUPA WSPARCIA ORGANIZOWANA PRZEZ GMINNY O\u015aRODEK POMOCY SPO\u0141ECZNEJ W KROKOWEJ<\/strong><\/p>\n\n\n\n<ul class=\"wp-block-list\">\n<li><strong><em>Zach\u0119camy do udzia\u0142u w Grupie wsparcia os\u00f3b z asystentury rodzin. Spotkania b\u0119d\u0105 odbywa\u0142y si\u0119 pocz\u0105wszy od czerwca 2022r, cyklicznie w ka\u017cdy pierwszy poniedzia\u0142ek miesi\u0105ca o godzinie 16.30 w siedzibie GOPS w Krokowej ul. Wejherowska 3, sala nr 11.<\/em><\/strong><\/li>\n<\/ul>\n\n\n\n<p><strong><u>Idea grupy wsparcia:<\/u><\/strong><\/p>\n\n\n\n<ul class=\"wp-block-list\">\n<li>Idea samopomocy &#8211; grupowej wzajemnej pomocy korzystanie z si\u0142y i wsparcia grupy jako poza formalnego rodzaju pomocy. Uczestnicy sami stanowi\u0105 dla siebie \u017ar\u00f3d\u0142o wsparcia ( emocjonalnego, informacyjnego, instrumentalnego), zasob\u00f3w, inspiracji wzajemnej motywacji do dzia\u0142a\u0144.<\/li>\n\n\n\n<li>Korzystny wp\u0142yw takiej grupy opiera si\u0119 na zaanga\u017cowaniu uczestnik\u00f3w, na gotowo\u015bci os\u00f3b uczestnicz\u0105cych do wprowadzenia zmian w swoich rodzinach.<\/li>\n\n\n\n<li>W sk\u0142ad grupy wsparcia mog\u0105 wchodzi\u0107 osoby, kt\u00f3re s\u0105 obj\u0119te wsparciem i pomoc\u0105 asystenta rodziny z r\u00f3\u017cnymi do\u015bwiadczeniami \u2013 st\u0105d mo\u017cliwo\u015b\u0107, uzyskania i dawania wsparcia w konkretnych problemach (dzielenie si\u0119 do\u015bwiadczeniami, prze\u017cywanymi emocjami, sposobami rozwi\u0105zywania problem\u00f3w codziennych).<\/li>\n<\/ul>\n\n\n\n<p><strong><u>Formy dzia\u0142ania grupy wsparcia :<\/u><\/strong><\/p>\n\n\n\n<ul class=\"wp-block-list\">\n<li>Dzielenie si\u0119 osobistymi do\u015bwiadczeniami.<\/li>\n\n\n\n<li>Dyskusja.<\/li>\n\n\n\n<li>Wsp\u00f3lne poszukiwanie rozwi\u0105za\u0144 konkretnych kwestiach i sytuacjach.<\/li>\n\n\n\n<li>Udzielanie informacji zwrotnych.<\/li>\n\n\n\n<li>Elementy psychoedukacji.<\/li>\n<\/ul>\n\n\n\n<p><strong><u>Przewidywane korzy\u015bci z uczestnictwa:<\/u><\/strong><\/p>\n\n\n\n<ul class=\"wp-block-list\">\n<li>Uzyskanie i dawanie wsparcia w pe\u0142nieniu funkcji rodziny.<\/li>\n\n\n\n<li>Doskonalenie umiej\u0119tno\u015bci wychowawczych.<\/li>\n\n\n\n<li>Doskonalenie umiej\u0119tno\u015bci radzenia sobie z emocjami.<\/li>\n\n\n\n<li>Doskonalenie umiej\u0119tno\u015bci radzenia sobie w sytuacji napi\u0119cia ( stresu).<\/li>\n\n\n\n<li>Pog\u0142\u0119bienie wgl\u0105du w siebie ( wzrost \u015bwiadomo\u015bci, prze\u017cywanych emocji, swoich przekona\u0144, pragnie\u0144, warto\u015bci, cel\u00f3w, a tak\u017ce rozpoznawanie w\u0142asnych zasob\u00f3w i zrozumienie ogranicze\u0144).<\/li>\n<\/ul>\n\n\n\n<p>Serdecznie zapraszamy<\/p>\n\n\n\n<p>Niezb\u0119dnych informacji udzielaj\u0105 asystenci rodzin;<\/p>\n\n\n\n<p>Anita Kohnke- Tel 58 506 54 32<\/p>\n\n\n\n<p>El\u017cbieta Koss- Tel 58 506 54 32<\/p>\n\n\n\n<p>&nbsp;<\/p>\n\n\n\n<p>&nbsp;<\/p>\n\n\n\n<hr class=\"wp-block-separator has-css-opacity\"\/>\n\n\n\n<p><strong>Gminny O\u015brodek Pomocy Spo\u0142ecznej w Krokowej zobowi\u0105zany ustaw\u0105 z dnia 9 czerwca 2011r o wspieraniu rodziny i systemie pieczy zast\u0119pczej do realizacji zada\u0144 zwi\u0105zanych ze wsparciem rodziny, kt\u00f3ra przechodzi trudno\u015bci w wype\u0142nianiu funkcji opieku\u0144czo-wychowawczych.<\/strong><\/p>\n\n\n\n<p><strong>Poszukujemy kandydat\u00f3w, kt\u00f3rzy bezinteresownie chcieliby pom\u00f3c innym w poszukiwaniu rozwi\u0105za\u0144 w trudnych sytuacjach przy wsp\u00f3\u0142pracy z asystentem rodziny i pracownikiem socjalnym.<\/strong><\/p>\n\n\n\n<p>Rodzina wspieraj\u0105ca nie ma na celu wyr\u0119czania rodziny lecz aktywna pomoc w przezwyci\u0119\u017caniu trudnych sytuacji w rodzinie wspieranej.<\/p>\n\n\n\n<p><strong>Kto mo\u017ce pe\u0142ni\u0107 funkcj\u0119 rodziny wspieraj\u0105cej:<\/strong><\/p>\n\n\n\n<p>Funkcj\u0119 rodziny wspieraj\u0105cej mo\u017ce pe\u0142ni\u0107 rodzina z bezpo\u015bredniego otoczenia dziecka. Osoby, kt\u00f3re nie by\u0142y skazane prawomocnym wyrokiem za umy\u015blne przest\u0119pstwo. Rodzin\u0119 wspieraj\u0105c\u0105 ustanawia w\u00f3jt ze wzgl\u0119du na miejsce zamieszkania rodziny wspieraj\u0105cej po uzyskaniu pozytywnej opinii kierownika O\u015brodka Pomocy Spo\u0142ecznej wydanej na podstawie przeprowadzonego rodzinnego wywiadu \u015brodowiskowego ( zgodnie z art. 30 ust.).<\/p>\n\n\n\n<p><strong>Zadania Rodziny Wspieraj\u0105cej;<\/strong><\/p>\n\n\n\n<p>Pomoc rodzinom, kt\u00f3re maja trudno\u015bci w opiece i wychowywaniu dzieci, jak i r\u00f3wnie\u017c w szeroko poj\u0119tym funkcjonowaniu w spo\u0142ecze\u0144stwie.<\/p>\n\n\n\n<p>Pomagaj\u0105 w oparciu o w\u0142asne zasoby, umiej\u0119tno\u015bci i posiadan\u0105 wiedz\u0119 z zakresu prawid\u0142owego wychowania dzieci.<\/p>\n\n\n\n<p>Rodzina wspieraj\u0105ca zajmuje si\u0119 w szczeg\u00f3lno\u015bci:<\/p>\n\n\n\n<ul class=\"wp-block-list\">\n<li><strong>organizowaniem czasu wolnego dzieciom w rodzinie wspieranej;<\/strong><\/li>\n\n\n\n<li><strong>wypracowaniem nawyku wsp\u00f3lnego sp\u0119dzania czasu przez cz\u0142onk\u00f3w rodziny;<\/strong><\/li>\n\n\n\n<li><strong>pomoc\u0105 dzieciom w nauce;<\/strong><\/li>\n\n\n\n<li><strong>udzielaniem wskaz\u00f3wek w takich kwestiach jak gotowanie, sprz\u0105tanie, utrzymanie higieny osobistej, racjonalne gospodarowanie bud\u017cetem domowym.<\/strong><\/li>\n<\/ul>\n\n\n\n<p><strong>Zapraszamy do wsp\u00f3\u0142pracy wszystkie rodziny ch\u0119tne do pomocy rodzinom prze\u017cywaj\u0105cym trudno\u015bci.<\/strong><\/p>\n\n\n\n<p><strong>Kontakt z asystentami rodzin;<\/strong><\/p>\n\n\n\n<p><br><strong>Anita Kohnke \u2013 58 506 54 32<br><\/strong><\/p>\n\n\n\n<p><strong>El\u017cbieta Kos \u2013 58 506 54 32<br><\/strong><\/p>\n","protected":false},"excerpt":{"rendered":"<p>Zapraszamy osoby ch\u0119tne do udzia\u0142u w cyklu spotka\u0144 pt&#8221; Nasze wyj\u0105tkowe rodzicielstwo&#8221;. Spotkania te nie ucz\u0105 nowych metod wychowawczych a raczej: &nbsp;W ramach tych spotka\u0144&nbsp; zajmiemy si\u0119 m.in. rozwi\u0105zywaniem problem\u00f3w metod\u0105 bez pora\u017cek, uczeniem zach\u0119canie dzieci do samodzielno\u015bci oraz do wsp\u00f3\u0142pracy, pokazujemy jak stosowa\u0107 pochwa\u0142\u0119 i zach\u0119t\u0119 oraz w jaki spos\u00f3b stawia\u0107 granice. TEMATYKA&nbsp; SPOTKA\u0143 &hellip; <a href=\"https:\/\/gops.krokowa.pl\/asystent-rodziny\/\" class=\"more-link\">Czytaj dalej <span class=\"screen-reader-text\">Asystent Rodziny<\/span> <span class=\"meta-nav\">&rarr;<\/span><\/a><\/p>\n","protected":false},"author":4,"featured_media":0,"parent":0,"menu_order":0,"comment_status":"closed","ping_status":"closed","template":"","meta":{"footnotes":""},"class_list":["post-1219","page","type-page","status-publish","hentry"],"_links":{"self":[{"href":"https:\/\/gops.krokowa.pl\/wp-json\/wp\/v2\/pages\/1219","targetHints":{"allow":["GET"]}}],"collection":[{"href":"https:\/\/gops.krokowa.pl\/wp-json\/wp\/v2\/pages"}],"about":[{"href":"https:\/\/gops.krokowa.pl\/wp-json\/wp\/v2\/types\/page"}],"author":[{"embeddable":true,"href":"https:\/\/gops.krokowa.pl\/wp-json\/wp\/v2\/users\/4"}],"replies":[{"embeddable":true,"href":"https:\/\/gops.krokowa.pl\/wp-json\/wp\/v2\/comments?post=1219"}],"version-history":[{"count":12,"href":"https:\/\/gops.krokowa.pl\/wp-json\/wp\/v2\/pages\/1219\/revisions"}],"predecessor-version":[{"id":1944,"href":"https:\/\/gops.krokowa.pl\/wp-json\/wp\/v2\/pages\/1219\/revisions\/1944"}],"wp:attachment":[{"href":"https:\/\/gops.krokowa.pl\/wp-json\/wp\/v2\/media?parent=1219"}],"curies":[{"name":"wp","href":"https:\/\/api.w.org\/{rel}","templated":true}]}}