{"id":1937,"date":"2026-01-24T16:12:13","date_gmt":"2026-01-24T16:12:13","guid":{"rendered":"https:\/\/gops.krokowa.pl\/?page_id=1937"},"modified":"2026-01-24T16:14:14","modified_gmt":"2026-01-24T16:14:14","slug":"rodziny-wspierajace","status":"publish","type":"page","link":"https:\/\/gops.krokowa.pl\/rodziny-wspierajace\/","title":{"rendered":"Rodziny wspieraj\u0105ce"},"content":{"rendered":"\n<p><strong>Gminny O\u015brodek Pomocy Spo\u0142ecznej w Krokowej zobowi\u0105zany ustaw\u0105 z dnia 9 czerwca 2011r o wspieraniu rodziny i systemie pieczy zast\u0119pczej do realizacji zada\u0144 zwi\u0105zanych ze wsparciem rodziny, kt\u00f3ra przechodzi trudno\u015bci w wype\u0142nianiu funkcji opieku\u0144czo-wychowawczych.<\/strong><\/p>\n\n\n\n<p><strong>Poszukujemy kandydat\u00f3w, kt\u00f3rzy bezinteresownie chcieliby pom\u00f3c innym w poszukiwaniu rozwi\u0105za\u0144 w trudnych sytuacjach przy wsp\u00f3\u0142pracy z asystentem rodziny i pracownikiem socjalnym.<\/strong><\/p>\n\n\n\n<p>Rodzina wspieraj\u0105ca nie ma na celu wyr\u0119czania rodziny lecz aktywna pomoc w przezwyci\u0119\u017caniu trudnych sytuacji w rodzinie wspieranej.<\/p>\n\n\n\n<p><strong>Kto mo\u017ce pe\u0142ni\u0107 funkcj\u0119 rodziny wspieraj\u0105cej:<\/strong><\/p>\n\n\n\n<p>Funkcj\u0119 rodziny wspieraj\u0105cej mo\u017ce pe\u0142ni\u0107 rodzina z bezpo\u015bredniego otoczenia dziecka. Osoby, kt\u00f3re nie by\u0142y skazane prawomocnym wyrokiem za umy\u015blne przest\u0119pstwo. Rodzin\u0119 wspieraj\u0105c\u0105 ustanawia w\u00f3jt ze wzgl\u0119du na miejsce zamieszkania rodziny wspieraj\u0105cej po uzyskaniu pozytywnej opinii kierownika O\u015brodka Pomocy Spo\u0142ecznej wydanej na podstawie przeprowadzonego rodzinnego wywiadu \u015brodowiskowego ( zgodnie z art. 30 ust.).<\/p>\n\n\n\n<p><strong>Zadania Rodziny Wspieraj\u0105cej;<\/strong><\/p>\n\n\n\n<p>Pomoc rodzinom, kt\u00f3re maja trudno\u015bci w opiece i wychowywaniu dzieci, jak i r\u00f3wnie\u017c w szeroko poj\u0119tym funkcjonowaniu w spo\u0142ecze\u0144stwie.<\/p>\n\n\n\n<p>Pomagaj\u0105 w oparciu o w\u0142asne zasoby, umiej\u0119tno\u015bci i posiadan\u0105 wiedz\u0119 z zakresu prawid\u0142owego wychowania dzieci.<\/p>\n\n\n\n<p>Rodzina wspieraj\u0105ca zajmuje si\u0119 w szczeg\u00f3lno\u015bci:<\/p>\n\n\n\n<ul class=\"wp-block-list\">\n<li><strong>organizowaniem czasu wolnego dzieciom w rodzinie wspieranej;<\/strong><\/li>\n\n\n\n<li><strong>wypracowaniem nawyku wsp\u00f3lnego sp\u0119dzania czasu przez cz\u0142onk\u00f3w rodziny;<\/strong><\/li>\n\n\n\n<li><strong>pomoc\u0105 dzieciom w nauce;<\/strong><\/li>\n\n\n\n<li><strong>udzielaniem wskaz\u00f3wek w takich kwestiach jak gotowanie, sprz\u0105tanie, utrzymanie higieny osobistej, racjonalne gospodarowanie bud\u017cetem domowym.<\/strong><\/li>\n<\/ul>\n\n\n\n<p><strong>Zapraszamy do wsp\u00f3\u0142pracy wszystkie rodziny ch\u0119tne do pomocy rodzinom prze\u017cywaj\u0105cym trudno\u015bci.<\/strong><\/p>\n\n\n\n<p><strong>Kontakt z asystentami rodzin;<\/strong><\/p>\n\n\n\n<p><br><strong>Anita Kohnke \u2013 58 506 54 30<\/strong><\/p>\n\n\n\n<p><strong>El\u017cbieta Kos \u2013 58 506 54 30<\/strong><\/p>\n\n\n\n<p><\/p>\n","protected":false},"excerpt":{"rendered":"<p>Gminny O\u015brodek Pomocy Spo\u0142ecznej w Krokowej zobowi\u0105zany ustaw\u0105 z dnia 9 czerwca 2011r o wspieraniu rodziny i systemie pieczy zast\u0119pczej do realizacji zada\u0144 zwi\u0105zanych ze wsparciem rodziny, kt\u00f3ra przechodzi trudno\u015bci w wype\u0142nianiu funkcji opieku\u0144czo-wychowawczych. Poszukujemy kandydat\u00f3w, kt\u00f3rzy bezinteresownie chcieliby pom\u00f3c innym w poszukiwaniu rozwi\u0105za\u0144 w trudnych sytuacjach przy wsp\u00f3\u0142pracy z asystentem rodziny i pracownikiem socjalnym. &hellip; <a href=\"https:\/\/gops.krokowa.pl\/rodziny-wspierajace\/\" class=\"more-link\">Czytaj dalej <span class=\"screen-reader-text\">Rodziny wspieraj\u0105ce<\/span> <span class=\"meta-nav\">&rarr;<\/span><\/a><\/p>\n","protected":false},"author":4,"featured_media":0,"parent":0,"menu_order":0,"comment_status":"closed","ping_status":"closed","template":"","meta":{"footnotes":""},"class_list":["post-1937","page","type-page","status-publish","hentry"],"_links":{"self":[{"href":"https:\/\/gops.krokowa.pl\/wp-json\/wp\/v2\/pages\/1937","targetHints":{"allow":["GET"]}}],"collection":[{"href":"https:\/\/gops.krokowa.pl\/wp-json\/wp\/v2\/pages"}],"about":[{"href":"https:\/\/gops.krokowa.pl\/wp-json\/wp\/v2\/types\/page"}],"author":[{"embeddable":true,"href":"https:\/\/gops.krokowa.pl\/wp-json\/wp\/v2\/users\/4"}],"replies":[{"embeddable":true,"href":"https:\/\/gops.krokowa.pl\/wp-json\/wp\/v2\/comments?post=1937"}],"version-history":[{"count":2,"href":"https:\/\/gops.krokowa.pl\/wp-json\/wp\/v2\/pages\/1937\/revisions"}],"predecessor-version":[{"id":1941,"href":"https:\/\/gops.krokowa.pl\/wp-json\/wp\/v2\/pages\/1937\/revisions\/1941"}],"wp:attachment":[{"href":"https:\/\/gops.krokowa.pl\/wp-json\/wp\/v2\/media?parent=1937"}],"curies":[{"name":"wp","href":"https:\/\/api.w.org\/{rel}","templated":true}]}}