{"id":712,"date":"2019-10-29T14:06:57","date_gmt":"2019-10-29T14:06:57","guid":{"rendered":"http:\/\/gops.krokowa.pl\/?page_id=712"},"modified":"2019-10-29T14:09:25","modified_gmt":"2019-10-29T14:09:25","slug":"klauzula-rodo","status":"publish","type":"page","link":"https:\/\/gops.krokowa.pl\/klauzula-rodo\/","title":{"rendered":"Klauzula RODO"},"content":{"rendered":"<p>W zwi\u0105zku z art. 13 ust. 1 i ust. 2 Rozporz\u0105dzenia Parlamentu Europejskiego i Rady (UE) 2016\/679 z 27 kwietnia 2016 r. w sprawie ochrony os\u00f3b fizycznych w zwi\u0105zku z przetwarzaniem danych osobowych i w sprawie swobodnego przep\u0142ywu takich danych oraz uchylenia dyrektywy 95\/46\/WE (og\u00f3lne rozporz\u0105dzenie o ochronie danych) (Dz. Urz. UE L z\u00a004.05.2016 r., Nr 119, s. 1) informujemy, i\u017c:<\/p>\n<p><strong>I. Administrator danych.<\/strong><br \/>\nAdministratorem Pani\/Pana danych osobowych jest Gminny O\u015brodek Pomocy Spo\u0142ecznej w Krokowej, ul. Wejherowska 3, 84-110 Krokowa, kt\u00f3ry reprezentuje Kierownik.<\/p>\n<p><strong>II. Inspektor ochrony danych.<\/strong><br \/>\nAdministrator wyznaczy\u0142 Inspektora Ochrony Danych, z kt\u00f3rym mo\u017ce si\u0119 Pani\/Pan skontaktowa\u0107 w sprawach zwi\u0105zanych z ochron\u0105 danych osobowych, w nast\u0119puj\u0105cy spos\u00f3b:<br \/>\n1) e-mail: iodo@krokowa.pl<br \/>\n2) pisemnie na adres siedziby Administratora.<\/p>\n<p><strong>III. Cele przetwarzania danych osobowych i podstawa prawna.<\/strong><br \/>\n1. Pani\/Pana dane przetwarzane b\u0119d\u0105 w zwi\u0105zku z realizacj\u0105 zada\u0144 w\u0142asnych<br \/>\nb\u0105d\u017a zleconych okre\u015blonych przepisami prawa, w celu realizacji przys\u0142uguj\u0105cych uprawnie\u0144, b\u0105d\u017a spe\u0142nienia przez Gminny O\u015brodek Pomocy Spo\u0142ecznej w Krokowej obowi\u0105zk\u00f3w okre\u015blonych przepisami prawa albo jest niezb\u0119dne do wykonania zadania realizowanego w interesie publicznym lub w ramach sprawowania w\u0142adzy publicznej.<br \/>\n2. Przetwarzanie mo\u017ce by\u0107 r\u00f3wnie\u017c niezb\u0119dne w celu wykonania umowy, kt\u00f3rej Pan\/Pani jest stron\u0105 lub do podj\u0119cia dzia\u0142a\u0144, na Pani\/Pana \u017c\u0105danie, przed zawarciem umowy.<br \/>\n3. Mog\u0105 r\u00f3wnie\u017c wyst\u0105pi\u0107 przypadki w kt\u00f3rych zostanie Pan\/Pani poproszony\/a o wyra\u017cenie zgody na przetwarzanie danych osobowych w okre\u015blonym celu i zakresie.<\/p>\n<p><strong>IV. Odbiorcy danych osobowych.<\/strong><br \/>\nW zwi\u0105zku z przetwarzaniem danych w celu wynikaj\u0105cego z przepis\u00f3w prawa, dane osobowe nie b\u0119d\u0105 podlega\u0142y udost\u0119pnieniu podmiotom trzecim. Odbiorcami danych b\u0119d\u0105 tylko instytucje upowa\u017cnione z mocy prawa.<\/p>\n<p><strong>V. Okres przechowywania danych osobowych.<\/strong><br \/>\nDane osobowe przetwarzane przez Gminny O\u015brodek Pomocy Spo\u0142ecznej w Krokowej przechowywane b\u0119d\u0105 przez okres niezb\u0119dny do realizacji celu dla jakiego zosta\u0142y zebrane oraz zgodnie z terminami archiwizacji okre\u015blonymi przez ustawy kompetencyjne lub ustaw\u0119 z dnia 14 lipca 1983 r. o narodowym zasobie archiwalnym i archiwach (Dz. U. z 2018 r., poz. 217), w tym Rozporz\u0105dzenie Prezesa Rady Ministr\u00f3w z dnia 18 stycznia 2011 r. w sprawie instrukcji kancelaryjnej, jednolitych rzeczowych wykaz\u00f3w akt oraz instrukcji w sprawie organizacji i zakresu dzia\u0142ania archiw\u00f3w zak\u0142adowych. Oznacza to, \u017ce dane osobowe mog\u0105 zosta\u0107 zniszczone po up\u0142ywie od 5 do 50 lat, zale\u017cnie od kategorii archiwalnej danej sprawy.<\/p>\n<p><strong>VI. Prawa os\u00f3b, kt\u00f3rych dane dotycz\u0105, dost\u0119pu do danych osobowych.<\/strong><br \/>\nNa zasadach okre\u015blonych przepisami RODO, posiada Pani\/Pan prawo do \u017c\u0105dania od administratora:<br \/>\n1) dost\u0119pu do tre\u015bci swoich danych osobowych,<br \/>\n2) sprostowania (poprawiania) swoich danych osobowych,<br \/>\n3) usuni\u0119cia swoich danych osobowych,<br \/>\n4) ograniczenia przetwarzania swoich danych osobowych,<br \/>\n5) przenoszenia swoich danych osobowych,<br \/>\n6) prawo do wniesienia sprzeciwu wobec przetwarzania Pani\/Pana danych.<\/p>\n<p><strong>VII. Prawo do cofni\u0119cia zgody.<\/strong><br \/>\n1. Tam, gdzie do przetwarzania danych osobowych konieczne jest wyra\u017cenie zgody, zawsze ma Pan\/Pani prawo nie wyrazi\u0107 zgody, a w przypadku jej wcze\u015bniejszego wyra\u017cenia, do cofni\u0119cia zgody.<br \/>\n2. Wycofanie zgody nie ma wp\u0142ywu na przetwarzanie Pani\/Pana danych do momentu jej wycofania.<\/p>\n<p><strong>VIII. Prawo wniesienia skargi do organu nadzorczego.<\/strong><br \/>\nGdy uzna Pani\/Pan, i\u017c przetwarzanie Pani\/Pana danych osobowych narusza przepisy o\u00a0ochronie danych osobowych, przys\u0142uguje Pani\/Panu prawo do wniesienia skargi do organu nadzorczego, kt\u00f3rym jest Prezes Urz\u0119du Ochrony Danych Osobowych (Urz\u0105d Ochrony Danych Osobowych, ul. Stawki 2, 00-193 Warszawa).<\/p>\n<p><strong>IX. Informacja o wymogu\/dobrowolno\u015bci podania danych oraz konsekwencjach niepodania danych osobowych.<\/strong><br \/>\n1. Podanie przez Pani\u0105\/Pana danych osobowych mo\u017ce by\u0107 wymogiem:<br \/>\n1) ustawowym,<br \/>\n2) umownym,<br \/>\n3) warunkiem zawarcia umowy,<br \/>\ndo kt\u00f3rych podania b\u0119dzie Pani\/Pan zobowi\u0105zana\/y.<br \/>\n2. W przypadku, gdy b\u0119dzie istnia\u0142 obowi\u0105zek ustawowy, a nie poda Pani\/Pan swoich danych, nie b\u0119dziemy mogli zrealizowa\u0107 zadania ustawowego, co mo\u017ce skutkowa\u0107 konsekwencjami przewidzianymi przepisami prawa.<br \/>\n3. W przypadku, gdy b\u0119dzie istnia\u0142 wym\u00f3g umowny, a nie poda Pani\/Pan swoich danych, nie b\u0119dziemy mogli wykona\u0107 takiej umowy.<br \/>\n4. W przypadku, kiedy podanie danych b\u0119dzie warunkiem zawarcia umowy, a nie poda Pani\/Pan swoich danych, nie b\u0119dziemy mogli zawrze\u0107 takiej umowy.<\/p>\n<p><strong>X. Zautomatyzowane podejmowanie decyzji, profilowanie.<\/strong><br \/>\nPani\/Pana dane osobowe nie b\u0119d\u0105 przetwarzane w spos\u00f3b zautomatyzowany i nie b\u0119d\u0105 profilowane.<\/p>\n","protected":false},"excerpt":{"rendered":"<p>W zwi\u0105zku z art. 13 ust. 1 i ust. 2 Rozporz\u0105dzenia Parlamentu Europejskiego i Rady (UE) 2016\/679 z 27 kwietnia 2016 r. w sprawie ochrony os\u00f3b fizycznych w zwi\u0105zku z przetwarzaniem danych osobowych i w sprawie swobodnego przep\u0142ywu takich danych oraz uchylenia dyrektywy 95\/46\/WE (og\u00f3lne rozporz\u0105dzenie o ochronie danych) (Dz. Urz. UE L z\u00a004.05.2016 r., &hellip; <a href=\"https:\/\/gops.krokowa.pl\/klauzula-rodo\/\" class=\"more-link\">Czytaj dalej <span class=\"screen-reader-text\">Klauzula RODO<\/span> <span class=\"meta-nav\">&rarr;<\/span><\/a><\/p>\n","protected":false},"author":4,"featured_media":0,"parent":0,"menu_order":0,"comment_status":"closed","ping_status":"closed","template":"","meta":{"footnotes":""},"class_list":["post-712","page","type-page","status-publish","hentry"],"_links":{"self":[{"href":"https:\/\/gops.krokowa.pl\/wp-json\/wp\/v2\/pages\/712","targetHints":{"allow":["GET"]}}],"collection":[{"href":"https:\/\/gops.krokowa.pl\/wp-json\/wp\/v2\/pages"}],"about":[{"href":"https:\/\/gops.krokowa.pl\/wp-json\/wp\/v2\/types\/page"}],"author":[{"embeddable":true,"href":"https:\/\/gops.krokowa.pl\/wp-json\/wp\/v2\/users\/4"}],"replies":[{"embeddable":true,"href":"https:\/\/gops.krokowa.pl\/wp-json\/wp\/v2\/comments?post=712"}],"version-history":[{"count":3,"href":"https:\/\/gops.krokowa.pl\/wp-json\/wp\/v2\/pages\/712\/revisions"}],"predecessor-version":[{"id":716,"href":"https:\/\/gops.krokowa.pl\/wp-json\/wp\/v2\/pages\/712\/revisions\/716"}],"wp:attachment":[{"href":"https:\/\/gops.krokowa.pl\/wp-json\/wp\/v2\/media?parent=712"}],"curies":[{"name":"wp","href":"https:\/\/api.w.org\/{rel}","templated":true}]}}